e
Is 9288529 a prime number?
True
Is 78245201 a prime number?
True
Is 156184139 a prime number?
True
Is 19024702 prime?
False
Is 10279667 prime?
True
Is 294816377 composite?
True
Is 109538527 a prime number?
False
Is 28653085 prime?
False
Is 8575279 a prime number?
False
Is 184874509 prime?
False
Is 68724346 a prime number?
False
Is 261228463 a composite number?
False
Is 3541823 composite?
False
Is 530797229 a prime number?
True
Is 235013177 prime?
False
Is 32740597 composite?
True
Is 14456363 a prime number?
False
Is 112785923 a prime number?
True
Is 45452489 composite?
True
Is 85024507 composite?
False
Is 6705739 composite?
True
Is 5204449 prime?
False
Is 1595173 a prime number?
True
Is 459913 a prime number?
True
Is 28211977 prime?
False
Is 269497 a composite number?
True
Is 428564315 a composite number?
True
Is 39626173 prime?
False
Is 22475209 prime?
False
Is 182135647 a prime number?
True
Is 7306903 composite?
True
Is 9140953 a prime number?
True
Is 364097 a composite number?
True
Is 39441289 prime?
True
Is 42472967 prime?
True
Is 133696049 prime?
False
Is 5159969 a prime number?
True
Is 35217509 prime?
True
Is 406789 prime?
True
Is 54923963 prime?
True
Is 2217101 prime?
True
Is 102633191 prime?
True
Is 4661983 a prime number?
True
Is 48989953 a prime number?
True
Is 153431107 a prime number?
True
Is 138099511 a prime number?
False
Is 742111 a composite number?
False
Is 4356239 prime?
True
Is 16912073 a prime number?
False
Is 428411 a composite number?
False
Is 10042433 prime?
True
Is 2228431 prime?
True
Is 63638647 composite?
False
Is 12416923 composite?
False
Is 21999898 a prime number?
False
Is 4337863 a prime number?
True
Is 4926063 prime?
False
Is 174451 a composite number?
True
Is 13515893 prime?
True
Is 7072057 prime?
True
Is 67498217 composite?
True
Is 3468581 a composite number?
False
Is 218114513 a composite number?
False
Is 186658 a prime number?
False
Is 10333087 a composite number?
False
Is 436742143 a composite number?
False
Is 50082829 a composite number?
False
Is 33763 a prime number?
False
Is 19503131 prime?
False
Is 312851233 prime?
True
Is 24653787 prime?
False
Is 51434057 a composite number?
False
Is 3582077 prime?
True
Is 123295 prime?
False
Is 3340817 composite?
False
Is 16443122 a prime number?
False
Is 1139987 a composite number?
True
Is 2124341 a composite number?
True
Is 121925663 composite?
True
Is 15256253 composite?
False
Is 85864849 a composite number?
True
Is 22629833 a prime number?
True
Is 139078999 a prime number?
False
Is 9599593 a prime number?
False
Is 2835061 a prime number?
True
Is 4361303 a composite number?
True
Is 2514494 composite?
True
Is 16826879 a composite number?
False
Is 3561887 a prime number?
False
Is 26392529 a composite number?
True
Is 3015083 composite?
True
Is 70882463 a composite number?
False
Is 12810233 composite?
True
Is 626695103 prime?
False
Is 1755697 a composite number?
False
Is 174746221 a prime number?
False
Is 20799149 prime?
False
Is 3138539 a composite number?
False
Is 3890111 a prime number?
True
Is 153653999 a prime number?
False
Is 6195191 composite?
True
Is 69802009 a prime number?
False
Is 2436178 composite?
True
Is 19673779 a composite number?
False
Is 177068321 a prime number?
True
Is 359231 a composite number?
False
Is 6507433 composite?
True
Is 168663479 a composite number?
False
Is 176445481 a prime number?
False
Is 1005821 a prime number?
True
Is 2174309 a composite number?
True
Is 3392495 a composite number?
True
Is 2390699 composite?
False
Is 978001 a prime number?
True
Is 5665151 a composite number?
False
Is 27064123 prime?
False
Is 523655711 composite?
True
Is 1423063 prime?
False
Is 34137898 a composite number?
True
Is 64592569 a composite number?
False
Is 511486197 prime?
False
Is 10348033 a composite number?
True
Is 6003217 prime?
False
Is 165023 a prime number?
False
Is 5221969 composite?
False
Is 14946593 a composite number?
False
Is 895681 composite?
False
Is 3853709 composite?
False
Is 25722031 composite?
False
Is 2101237 a composite number?
False
Is 2797147 prime?
False
Is 285043 a composite number?
True
Is 364781369 prime?
True
Is 10747 composite?
True
Is 4435279 composite?
False
Is 1591559 a prime number?
False
Is 238520767 composite?
False
Is 6826613 a prime number?
False
Is 1587703 prime?
False
Is 1609451 prime?
False
Is 837538397 prime?
True
Is 27759359 a prime number?
True
Is 12132605 a prime number?
False
Is 90552893 prime?
True
Is 77741021 a composite number?
False
Is 797021 a prime number?
True
Is 92905603 prime?
False
Is 654917 prime?
True
Is 227661527 prime?
False
Is 660941 prime?
True
Is 31450577 a composite number?
False
Is 3764899 a prime number?
True
Is 166035887 composite?
False
Is 15538321 composite?
False
Is 178560871 a composite number?
False
Is 63385633 a prime number?
False
Is 237401215 prime?
False
Is 67882187 a prime number?
True
Is 184397039 a prime number?
True
Is 240190813 a prime number?
True
Is 26863873 a prime number?
True
Is 377469317 a composite number?
True
Is 11668081 composite?
True
Is 15982063 a prime number?
False
Is 16518995 a prime number?
False
Is 4844771 composite?
True
Is 532963393 prime?
True
Is 2091889 a composite number?
False
Is 16707179 composite?
False
Is 1107355 composite?
True
Is 43196497 a prime number?
True
Is 3935395 a prime number?
False
Is 1849693 a prime number?
False
Is 492791 composite?
True
Is 3602437 prime?
True
Is 6080689 composite?
False
Is 609555217 a composite number?
False
Is 69694881 prime?
False
Is 278151259 prime?
False
Is 12070669 a prime number?
False
Is 107971 prime?
True
Is 3428921 prime?
True
Is 1643862467 prime?
False
Is 120720817 prime?
False
Is 4751661 a prime number?
False
Is 256086769 a prime number?
False
Is 3721771 prime?
True
Is 1932787 a composite number?
True
Is 830267 a composite number?
False
Is 145880781 prime?
False
Is 81693697 a composite number?
False
Is 18757173 a prime number?
False
Is 132363797 composite?
True
Is 434491 a composite number?
True
Is 226621361 composite?
False
Is 14257 a prime number?
False
Is 13974011 prime?
False
Is 13729883 composite?
False
Is 176542693 a composite number?
False
Is 24520421 a prime number?
True
Is 15419 a prime number?
False
Is 76343822 a prime number?
False
Is 1072009 a prime number?
True
Is 9504685 prime?
False
Is 464999429 a prime number?
False
Is 829111 composite?
False
Is 210794 prime?
False
Is 65303131 composite?
False
Is 622941703 composite?
False
Is 2737937 prime?
True
Is 31017634 a composite number?
True
Is 32252159 prime?
False
Is 56278643 a composite number?
False
Is 89415257 composite?
True
Is 585691 composite?
False
Is 3895207 composite?
True
Is 163619765 a composite number?
True
Is 6031709 composite?
False
Is 6639637 a composite number?
True
Is 27760391 composite?
False
Is 111494479 composite?
False
Is 18648181 prime?
True
Is 27238867 a prime number?
True
Is 1795837 a composite number?
False
Is 4219057 prime?
False
Is 9109151 composite?
True
Is 25490753 composite?
True
Is 1436541011 a prime number?
True
Is 28627133 a prime number?
False
Is 1796789 composite?
True
Is 76714333 a composite number?
False
Is 3267982 a composite number?
True
Is 3588601 composite?
False
Is 91691029 prime?
True
Is 265410263 a prime number?
True
Is 30586139 a composite number?
False
Is 351341 composite?
False
Is 2420767 prime?
True
Is 39921247 a prime number?
True
Is 2286209 composite?
True
Is 1300553 a composite number?
False
Is 6744833 prime?
False
Is 129879067 a prime number?
True
Is 26469137 composite?
False
Is 10029059 prime?
True
Is 814309 composite?
False
Is 43695679 a composite number?
False
Is 10116109 a prime number?
True
Is 1142389 prime?
True
Is 7407683 a prime number?
True
Is 30820619 a composite number?
False
Is 548827 a prime number?
True
Is 7436177 a prime number?
False
Is 546058 prime?
False
Is 5778191 composite?
True
Is 1791061 prime?
False
Is 449219 a composite number?
True
Is 13546469 prime?
True
Is 12552833 composite?
True
Is 56890231 a composite number?
True
Is 8954261 prime?
True
Is 33743273 a prime number?
False
Is 342671081 composite?
False
Is 38305939 prime?
False
Is 258342889 a prime number?
False
Is 450923 a prime number?
False
Is 138814411 prime?
True
Is 1057847 a composite number?
True
Is 6889487 compos